	
	
{"id":95944,"date":"2025-11-12T10:19:10","date_gmt":"2025-11-12T09:19:10","guid":{"rendered":"https:\/\/www.acheter-or-argent.fr\/index2.php\/?post_type=product&#038;p=95944"},"modified":"2026-04-08T08:12:31","modified_gmt":"2026-04-08T06:12:31","slug":"souverain-or-2026-charles-iii","status":"publish","type":"product","link":"https:\/\/www.acheter-or-argent.fr\/index2.php\/produit\/souverain-or-2026-charles-iii\/","title":{"rendered":"souverain or 2026 charles III"},"content":{"rendered":"","protected":false},"excerpt":{"rendered":"<p>Cat\u00e9gorie : investissement<\/p>\n<p>M\u00e9tal : or<br \/>\nAnn\u00e9e : 2026<br \/>\nPi\u00e8ce neuve qualit\u00e9 BE<br \/>\nNouveaut\u00e9 : or jaune et hologramme de s\u00e9curit\u00e9<\/p>\n<p><strong>Pays : Grande Bretagne<br \/>\nEmetteur : Royal Mint<\/strong><br \/>\nPoids brut : 7,99 g<br \/>\nPoids fin : 7,32 g<br \/>\nTitre : 916,7\/1000<br \/>\n\u00d8 : 22,05 mm<br \/>\nEpaisseur : 1,52 mm<br \/>\nPortrait : Roi Charles III<\/p>\n","protected":false},"featured_media":95946,"comment_status":"open","ping_status":"closed","template":"","meta":{"_seopress_robots_primary_cat":"none","_seopress_titles_title":"","_seopress_titles_desc":"","_seopress_robots_index":""},"product_brand":[],"product_cat":[126],"product_tag":[257],"class_list":{"0":"post-95944","1":"product","2":"type-product","3":"status-publish","4":"has-post-thumbnail","6":"product_cat-grande-bretagne","7":"product_tag-nouveautes","9":"first","10":"instock","11":"taxable","12":"shipping-taxable","13":"purchasable","14":"product-type-simple"},"_links":{"self":[{"href":"https:\/\/www.acheter-or-argent.fr\/index2.php\/wp-json\/wp\/v2\/product\/95944","targetHints":{"allow":["GET"]}}],"collection":[{"href":"https:\/\/www.acheter-or-argent.fr\/index2.php\/wp-json\/wp\/v2\/product"}],"about":[{"href":"https:\/\/www.acheter-or-argent.fr\/index2.php\/wp-json\/wp\/v2\/types\/product"}],"replies":[{"embeddable":true,"href":"https:\/\/www.acheter-or-argent.fr\/index2.php\/wp-json\/wp\/v2\/comments?post=95944"}],"wp:featuredmedia":[{"embeddable":true,"href":"https:\/\/www.acheter-or-argent.fr\/index2.php\/wp-json\/wp\/v2\/media\/95946"}],"wp:attachment":[{"href":"https:\/\/www.acheter-or-argent.fr\/index2.php\/wp-json\/wp\/v2\/media?parent=95944"}],"wp:term":[{"taxonomy":"product_brand","embeddable":true,"href":"https:\/\/www.acheter-or-argent.fr\/index2.php\/wp-json\/wp\/v2\/product_brand?post=95944"},{"taxonomy":"product_cat","embeddable":true,"href":"https:\/\/www.acheter-or-argent.fr\/index2.php\/wp-json\/wp\/v2\/product_cat?post=95944"},{"taxonomy":"product_tag","embeddable":true,"href":"https:\/\/www.acheter-or-argent.fr\/index2.php\/wp-json\/wp\/v2\/product_tag?post=95944"}],"curies":[{"name":"wp","href":"https:\/\/api.w.org\/{rel}","templated":true}]}}