	
	
{"id":2781,"date":"2024-09-30T15:41:30","date_gmt":"2024-09-30T13:41:30","guid":{"rendered":"https:\/\/www.acheter-or-argent.fr\/index2.php\/?post_type=product&#038;p=2781"},"modified":"2026-03-20T18:52:52","modified_gmt":"2026-03-20T17:52:52","slug":"1-oz-britannia-annees-differentes","status":"publish","type":"product","link":"https:\/\/www.acheter-or-argent.fr\/index2.php\/produit\/1-oz-britannia-annees-differentes\/","title":{"rendered":"1 oz britannia ann\u00e9es diff\u00e9rentes"},"content":{"rendered":"","protected":false},"excerpt":{"rendered":"<p>Cat\u00e9gorie : investissement<\/p>\n<p>M\u00e9tal : or<\/p>\n<p><strong>Pays : Grande Bretagne<\/strong><br \/>\nPoids brut : 33,93 ou 31,1 g g<br \/>\nPoids fin : 31,1 g<br \/>\nTitre : 916,7 ou 999\/1000<br \/>\nDiam\u00e8tre : 38,60 mm<br \/>\nEpaisseur : 1,80 mm<\/p>\n<p>Valeur faciale : \u00a3100<\/p>\n<p>Etat : circulation courante<br \/>\nAnn\u00e9es diff\u00e9rentes<br \/>\nEffigie : La Reine Elizabeth II ou le Roi Charles III selon stock, feuille d\u2019\u00e9rable au revers<\/p>\n","protected":false},"featured_media":38007,"comment_status":"open","ping_status":"closed","template":"","meta":{"_seopress_robots_primary_cat":"none","_seopress_titles_title":"","_seopress_titles_desc":"","_seopress_robots_index":""},"product_brand":[],"product_cat":[126],"product_tag":[],"class_list":{"0":"post-2781","1":"product","2":"type-product","3":"status-publish","4":"has-post-thumbnail","6":"product_cat-grande-bretagne","8":"first","9":"instock","10":"taxable","11":"shipping-taxable","12":"purchasable","13":"product-type-simple"},"_links":{"self":[{"href":"https:\/\/www.acheter-or-argent.fr\/index2.php\/wp-json\/wp\/v2\/product\/2781","targetHints":{"allow":["GET"]}}],"collection":[{"href":"https:\/\/www.acheter-or-argent.fr\/index2.php\/wp-json\/wp\/v2\/product"}],"about":[{"href":"https:\/\/www.acheter-or-argent.fr\/index2.php\/wp-json\/wp\/v2\/types\/product"}],"replies":[{"embeddable":true,"href":"https:\/\/www.acheter-or-argent.fr\/index2.php\/wp-json\/wp\/v2\/comments?post=2781"}],"wp:featuredmedia":[{"embeddable":true,"href":"https:\/\/www.acheter-or-argent.fr\/index2.php\/wp-json\/wp\/v2\/media\/38007"}],"wp:attachment":[{"href":"https:\/\/www.acheter-or-argent.fr\/index2.php\/wp-json\/wp\/v2\/media?parent=2781"}],"wp:term":[{"taxonomy":"product_brand","embeddable":true,"href":"https:\/\/www.acheter-or-argent.fr\/index2.php\/wp-json\/wp\/v2\/product_brand?post=2781"},{"taxonomy":"product_cat","embeddable":true,"href":"https:\/\/www.acheter-or-argent.fr\/index2.php\/wp-json\/wp\/v2\/product_cat?post=2781"},{"taxonomy":"product_tag","embeddable":true,"href":"https:\/\/www.acheter-or-argent.fr\/index2.php\/wp-json\/wp\/v2\/product_tag?post=2781"}],"curies":[{"name":"wp","href":"https:\/\/api.w.org\/{rel}","templated":true}]}}